hundreds digit of 4109?
1
What is the tens digit of 4371?
7
What is the tens digit of 691?
9
What is the units digit of 5564?
4
What is the hundreds digit of 43838?
8
What is the units digit of 10323?
3
What is the thousands digit of 3100?
3
What is the hundreds digit of 24794?
7
What is the tens digit of 121195?
9
What is the tens digit of 350?
5
What is the hundreds digit of 600?
6
What is the ten thousands digit of 48796?
4
What is the tens digit of 1296?
9
What is the tens digit of 698?
9
What is the thousands digit of 23390?
3
What is the tens digit of 53025?
2
What is the units digit of 3296?
6
What is the tens digit of 2211?
1
What is the tens digit of 3728?
2
What is the thousands digit of 1869?
1
What is the units digit of 39598?
8
What is the tens digit of 11766?
6
What is the thousands digit of 38651?
8
What is the thousands digit of 1492?
1
What is the hundreds digit of 990?
9
What is the thousands digit of 68550?
8
What is the units digit of 11837?
7
What is the thousands digit of 1410?
1
What is the hundreds digit of 681?
6
What is the thousands digit of 1627?
1
What is the thousands digit of 188307?
8
What is the units digit of 674?
4
What is the units digit of 2737?
7
What is the tens digit of 2569?
6
What is the tens digit of 47835?
3
What is the units digit of 11007?
7
What is the tens digit of 16279?
7
What is the units digit of 81558?
8
What is the tens digit of 452?
5
What is the tens digit of 5213?
1
What is the units digit of 8501?
1
What is the ten thousands digit of 32691?
3
What is the hundreds digit of 177?
1
What is the tens digit of 1660?
6
What is the tens digit of 9724?
2
What is the thousands digit of 60181?
0
What is the hundreds digit of 4689?
6
What is the units digit of 644?
4
What is the units digit of 7796?
6
What is the ten thousands digit of 16423?
1
What is the tens digit of 314?
1
What is the hundreds digit of 2788?
7
What is the tens digit of 4059?
5
What is the units digit of 2738?
8
What is the hundreds digit of 983?
9
What is the units digit of 13902?
2
What is the hundreds digit of 18755?
7
What is the units digit of 782?
2
What is the units digit of 30569?
9
What is the units digit of 643?
3
What is the tens digit of 126328?
2
What is the hundreds digit of 2329?
3
What is the tens digit of 968?
6
What is the units digit of 143023?
3
What is the units digit of 8110?
0
What is the units digit of 981?
1
What is the hundreds digit of 7610?
6
What is the thousands digit of 125859?
5
What is the thousands digit of 149077?
9
What is the hundreds digit of 1347?
3
What is the ten thousands digit of 59154?
5
What is the tens digit of 843?
4
What is the thousands digit of 4301?
4
What is the units digit of 16502?
2
What is the units digit of 1443?
3
What is the units digit of 408?
8
What is the hundreds digit of 114?
1
What is the units digit of 56280?
0
What is the tens digit of 827?
2
What is the tens digit of 5443?
4
What is the tens digit of 1896?
9
What is the units digit of 34510?
0
What is the units digit of 65?
5
What is the units digit of 35140?
0
What is the units digit of 10171?
1
What is the units digit of 1445?
5
What is the ten thousands digit of 15280?
1
What is the units digit of 1771?
1
What is the hundreds digit of 2598?
5
What is the hundreds digit of 6451?
4
What is the tens digit of 1068?
6
What is the hundreds digit of 168168?
1
What is the hundreds digit of 8448?
4
What is the thousands digit of 12497?
2
What is the hundreds digit of 686?
6
What is the thousands digit of 1428?
1
What is the ten thousands digit of 141316?
4
What is the tens digit of 2420?
2
What is the hundreds digit of 64379?
3
What is the hundreds digit of 3370?
3
What is the hundreds digit of 44349?
3
What is the units digit of 2081?
1
What is the ten thousands digit of 21663?
2
What is the tens digit of 26420?
2
What is the hundreds digit of 712?
7
What is the units digit of 5724?
4
What is the thousands digit of 9480?
9
What is the ten thousands digit of 79173?
7
What is the thousands digit of 3715?
3
What is the tens digit of 11278?
7
What is the units digit of 19425?
5
What is the hundreds digit of 6907?
9
What is the hundreds digit of 491?
4
What is the units digit of 3085?
5
What is the hundreds digit of 176671?
6
What is the thousands digit of 5754?
5
What is the tens digit of 7570?
7
What is the hundreds digit of 62890?
8
What is the tens digit of 1682?
8
What is the tens digit of 37?
3
What is the thousands digit of 80214?
0
What is the hundreds digit of 1528?
5
What is the tens digit of 1407?
0
What is the units digit of 4100?
0
What is the hundreds digit of 113745?
7
What is the tens digit of 11199?
9
What is the thousands digit of 13869?
3
What is the units digit of 30607?
7
What is the tens digit of 501?
0
What is the tens digit of 137?
3
What is the units digit of 92576?
6
What is the thousands digit of 3822?
3
What is the thousands digit of 65017?
5
What is the thousands digit of 4994?
4
What is the units digit of 2799?
9
What is the hundreds digit of 94892?
8
What is the units digit of 130610?
0
What is the units digit of 4220?
0
What is the hundreds digit of 3344?
3
What is the hundreds digit of 8886?
8
What is the tens digit of 11346?
4
What is the tens digit of 1144?
4
What is the tens digit of 5739?
3
What is the hundreds digit of 536?
5
What is the hundreds digit of 8389?
3
What is the thousands digit of 128974?
8
What is the ten thousands digit of 60004?
6
What is the hundreds digit of 579?
5
What is the units digit of 8321?
1
What is the tens digit of 5093?
9
What is the tens digit of 26?
2
What is the units digit of 50282?
2
What is the hundreds digit of 1877?
8
What is the ten thousands digit of 41343?
4
What is the hundreds digit of 2568?
5
What is the units digit of 1155?
5
What is the thousands digit of 29483?
9
What is the units digit of 13308?
8
What is the tens digit of 1200?
0
What is the hundreds digit of 1113?
1
What is the tens digit of 4064?
6
What is the tens digit of 734?
3
What is the units digit of 152149?
9
What is the hundreds digit of 34308?
3
What is the tens digit of 15783?
8
What is the units digit of 126231?
1
What is the units digit of 1739?
9
What is the hundreds digit of 4362?
3
What is the tens digit of 1492?
9
What is the units digit of 1291?
1
What is the hundreds digit of 3846?
8
What is the units digit of 7049?
9
What is the thousands digit of 64454?
4
What is the tens digit of 17456?
5
What is the units digit of 132545?
5
What is the tens digit of 8176?
7
What is the units digit of 535?
5
What is the units digit of 472?
2
What is the units digit of 580?
0
What is the units digit of 859?
9
What is the hundreds digit of 66182?
1
What is the tens digit of 330?
3
What is the tens digit of 2441?
4
What is the ten thousands digit of 78830?
7
What is the thousands digit of 1591?
1
What is the tens digit of 77?
7
What is the units digit of 1258?
8
What is the units digit of 10238?
8
What is the hundreds digit of 3976?
9
What is the hundreds digit of 937?
9
What is the tens digit of 1470?
7
What is the units digit of 22002?
2
What is the thousands digit of 10719?
0
What is the tens digit of 99837?
3
What is the thousands digit of 4130?
4
What is the tens digit of 18960?
6
What is the hundreds digit of 55348?
3
What is the tens digit of 91?
9
What is the hundreds digit of 2184?
1
What is the units digit of 19056?
6
What is the thousands digit of 23870?
3
What is the units digit of 320?
0
What is the hundreds digit of 8489?
4
What is the units digit of 1684?
4
What is the units digit of 2715?
5
What is the units digit of 33479?
9
What is the hundreds digit of 19266?
2
What is the thousands digit of 6431?
6
What is the thousands digit of 30506?
0
What is the hundreds digit of 110857?
8
What is the tens digit of 19552?
5
What is the tens digit of 21981?
8
What is the hundreds digit of 5586?
5
What is the hundreds digit of 2185?
1
What is the thousands digit of 10031?
0
What is the units digit of 32018?
8
What is the tens digit of 3441?
4
What is the hundreds digit of 522?
5
What is the hundreds digit of 14414?
4
What is the tens digit of 17807?
0
What is the units digit of 51732?
2
What is the tens digit of 65881?
8
What is the hundreds digit of 278?
2
What is the tens